-5*g + 9*w + 1535, n*w + 614 = 2*g. List the prime factors of g.
307
Let o = -68 + 71. Suppose 0 = -o*i + 8*m - 10*m + 2261, 3*m = 2*i - 1529. What are the prime factors of i?
757
What are the prime factors of 3/7 - (-191208160)/4795?
39877
Suppose 5*l = -24 + 44, 23076 = 4*m - 3*l. What are the prime factors of m?
2, 3, 13, 37
Suppose 126*u = 5340342 + 4247754. List the prime factors of u.
2, 29, 41
Suppose 3*x - 89 = 4*h, x - 33 = 2*h + h. Suppose 10*r - 7*r - x = 0. Let u = 22 - r. List the prime factors of u.
13
Let t(i) = i**3 - 13*i**2 - 24*i + 57. Let l be t(19). Let n = -1204 + l. List the prime factors of n.
563
Let z(i) = i**3 + 24*i**2 - 57*i + 28. Let c = -25 + -1. Let s be z(c). Suppose 6*g - s = 406. What are the prime factors of g?
2, 47
Let i(r) = -r**3 - 2*r**2 + 3*r - 1. Let a be i(1). Let m be (-3 - (-4 + 5))*a. Suppose 2*h = m*h - 160. What are the prime factors of h?
2, 5
Let b = -298 - -301. Suppose 0 = -x + 4*q + 132, 4*x - 826 = b*q - 233. List the prime factors of x.
2, 19
Let h(n) = -57*n + 5 + 3 - 29. What are the prime factors of h(-5)?
2, 3, 11
Let p(h) = 21*h**2 + 5253*h - 29 + 5255*h - 4 - h**3 - 10481*h. Let v = 39 - 17. List the prime factors of p(v).
7, 11
Suppose 755 = 2*u - r, -5*r + 1498 = 4*u - 3*r. Let a = -686 + u. What are the prime factors of (1*-1)/(-5 - 1545/a)?
2, 31
Let j be (-80)/(-32)*3/((-6)/(-4)). Suppose 0 = j*c - 889 - 346. List the prime factors of c.
13, 19
Let h = 7609 + 328. List the prime factors of h.
7937
Suppose z - 2*z = 0. Suppose f + 7*f - 32 = z. Suppose 0 = -0*d + f*d + 2*t - 196, 0 = -2*t. What are the prime factors of d?
7
Let g(u) = 11*u**3 - 10*u**2 - 133*u + 61. What are the prime factors of g(14)?
26423
Suppose 5*o = -3*i - 322, 5*o - 41 + 362 = -4*i. Let m(u) = -u**3 + 28*u**2 - 22*u - 143. Let n be m(27). Let x = n - o. What are the prime factors of x?
3, 19
Let t be (3 + 3)*(3/6)/(-1). Suppose 3*w = 6*w + 30. What are the prime factors of ((-25)/w + t)/((-1)/378)?
3, 7
Suppose 137 = 69*l - 70. Let i(w) = 3*w**2 - 3*w + 1. Let v be i(2). List the prime factors of 2/v + 319/7*l.
137
Let i(v) = v**2 - v - 3. Let k(r) = -5*r + 4. Let c(a) = 3*a - 3. Let s(n) = 7*c(n) + 5*k(n). Let x be s(1). What are the prime factors of i(x)?
3
Let o be (-4 - 70/(-20)) + (-10)/(-4). Suppose -2*g + 5*p + 1513 = 121, o*g - 1380 = 2*p. List the prime factors of g.
2, 7
Let p(i) = 3*i**2 - 24*i + 6. Let w(s) = 2*s**2 - 22*s + 6. Let j(y) = -3*p(y) + 4*w(y). Let a(k) = 11*k. Let f be a(-1). List the prime factors of j(f).
61
Suppose 3*z - 19*z + 83360 = 0. What are the prime factors of z?
2, 5, 521
Let a(o) = -2*o**2 - 11*o + 5. Let s be a(0). What are the prime factors of (-25)/s - -2 - -368?
5, 73
Let g(j) = 2*j**2 + 10*j + 22. Let l be g(-13). Let q = 885 - l. What are the prime factors of q?
5, 131
Let a(d) = d**2 - 2*d - 9. Let b be a(7). Let i = 60 - b. Let r = i + -12. List the prime factors of r.
2, 11
Let l be (308/(-16))/(-7) + (-6)/8. Suppose -l*r - 3 = -5*r. Let w(k) = 46*k**2 - k + 1. List the prime factors of w(r).
2, 23
Let s = 15089 + -8654. List the prime factors of s.
3, 5, 11, 13
Let o = 101 + -181. What are the prime factors of 1348/3 - o/120?
2, 3, 5
What are the prime factors of -9*(-14 - (-222444)/(-81))?
2, 12421
Let t(g) = -7 + 7 + 0*g - 12*g. Let s be t(1). What are the prime factors of (1 - 4)/(s/104)?
2, 13
Let d = 23 + -21. Suppose 0 = -0*j - 2*j - u + 63, 0 = -3*j - d*u + 96. Suppose -26*h + j*h - 284 = 0. List the prime factors of h.
71
What are the prime factors of (385/49 - 8) + (-4817106)/(-98)?
2, 7, 3511
Let t = -49 + 51. Suppose -t*b + 3 = 7. Let z(f) = -30*f**3 - 5*f**2 - 2*f - 4. What are the prime factors of z(b)?
2, 5, 11
Let z be -4 - ((-1)/(2/6) + 1). List the prime factors of ((-3)/((-12)/104))/(z/(-45)).
3, 5, 13
Let c(w) = 144*w + 3. Let r be c(3). Let z = r - 140. Suppose -983 = -4*f - z. List the prime factors of f.
2, 43
Let s(y) = -y**3 + 8*y**2 + 19*y + 12. Let n be s(10). What are the prime factors of ((216/(-2))/n)/(10/(-30))?
2, 3
Suppose 2*z - 111 = -4*n + 101, -z = 4*n - 216. Let r(x) = -2*x - 12. Let c be r(-6). Suppose c = h + 2*q - 42 + 2, h - n = q. List the prime factors of h.
2, 5
Let d be (-3)/(6/(-2))*7. Let z(g) = -27*g - 35. Let v be z(d). List the prime factors of ((-87)/(-58))/((-3)/v).
2, 7
List the prime factors of -8090*((-135)/81 + 4/6).
2, 5, 809
Let w = 620 - -102. Let n = w - -124. List the prime factors of n.
2, 3, 47
Suppose 5*b = 4*b + 2. Suppose 0 = -2*u - 2*u + 2*q + 62, -2*u + b*q = -30. What are the prime factors of -1 - (12 + 0)/((-4)/u)?
47
Let t(a) = -37 + 48*a + 63*a + 193. What are the prime factors of t(7)?
3, 311
Let x(w) = -w**3 - 13*w**2 - 3*w + 24. Let j(o) = -4*o**3 - 40*o**2 - 8*o + 72. Let i(a) = 2*j(a) - 7*x(a). What are the prime factors of i(10)?
2, 3, 7
Let f be (-1)/((-7)/(-2)) + 611/(-91). Let c = -9 + 62. Let i = c - f. List the prime factors of i.
2, 3, 5
Suppose -i + 7*i - 18 = 0. Suppose b = -5*r + 8, 4 = -4*b + i*r - 5*r. What are the prime factors of (-801)/(-6) - b - 6/12?
3, 5
Suppose 2*s = 2*b + 20, -3*b = 3*s - s - 40. List the prime factors of (-2)/4 + 1743/s + 4.
2
Suppose 7*a = 12*a + 775. Let n = a - -34. Let l = -30 - n. What are the prime factors of l?
7, 13
Suppose 160*g = 28*g + 304920. What are the prime factors of g?
2, 3, 5, 7, 11
Suppose 593 + 355 = 2*q. Suppose 0 = -7*d + q + 135. List the prime factors of d.
3, 29
What are the prime factors of (-26)/52 - (-40179)/6?
2, 3, 31
What are the prime factors of (77*60/70)/(2/881)?
3, 11, 881
Let l(f) = -1085*f - 25. Let o be 4/((-60)/21) + 22/55. What are the prime factors of l(o)?
2, 5, 53
Suppose 5*s = -x + 4647, -2*x + 6851 = -2*s - 2479. What are the prime factors of x?
2, 3, 7, 37
Let l(u) = 104*u - 295. List the prime factors of l(20).
3, 5, 7, 17
Let r(t) = 853*t - 1415. What are the prime factors of r(17)?
2, 3, 727
Suppose -9*g - 40034 = -167528. What are the prime factors of g?
2, 3, 787
Suppose -17*k + 3680862 = 142*k + 24*k. What are the prime factors of k?
2, 89, 113
Let c = 984 - -15106. What are the prime factors of c?
2, 5, 1609
Suppose r - 28 = -2*o - 7, 5*o - 42 = -2*r. Suppose -3*c - r = -3. Let y(d) = 4*d**2 + 3*d + 2. List the prime factors of y(c).
2
Suppose -29*h + 27*h + 5*r = -54466, 3*h - r - 81647 = 0. List the prime factors of h.
3, 47, 193
Let z(g) = g**3 - 29*g**2 + 63*g + 3. Let m be (-9)/(-54) - ((-465)/18 + -1). What are the prime factors of z(m)?
2, 3, 41
Let u(s) = 10*s**2 + 8*s - 669. What are the prime factors of u(-26)?
3, 37, 53
Let k = 2695 - 1514. List the prime factors of k.
1181
Let q = -197 - -201. Suppose -4*f - q*p + 728 = 0, 0 = f - 0*f + 5*p - 174. List the prime factors of f.
2, 23
Let j(d) = -592*d - 3587. List the prime factors of j(-50).
3, 13, 23, 29
Let x = -34 - -40. Let b be x/(-36)*-266 + 4/6. Let n = b + -42. List the prime factors of n.
3
Suppose 3*b - 2*r = 47, -3*b + 2*r + 2*r + 55 = 0. List the prime factors of 990/b + 8/(-52).
2, 19
Suppose 274*k - 278*k + 57962 = -s, 5*s - 43460 = -3*k. List the prime factors of k.
2, 3, 5, 7, 23
Let v = 31 + -21. Suppose -8*y - 28 = -v*y. Suppose 0*x + y*x = 1120. What are the prime factors of x?
2, 5
Suppose 6*c = 3*c + 3*l + 1197, -393 = -c - 2*l. Suppose -c = -4*k + 75. List the prime factors of k.
2, 59
Let k(l) = -l**2 + 16*l - 74. Let b be k(6). What are the prime factors of 24*((-628)/(-32))/((-7)/b)?
2, 3, 157
Let w(s) = -471*s**3 - 2*s**2 - 5*s - 4. Let a be w(-1). Suppose 18*h = 9160 + a. List the prime factors of h.
5, 107
Suppose -w - 4*d - 2836 = -12095, -2*w + 3*d + 18474 = 0. What are the prime factors of w?
3, 13, 79
Suppose -8*l - 144245 = -25*l. List the prime factors of l.
5, 1697
Suppose -10*i = 9 - 29. Suppose 568 = i*d - 2*k + 6*k, -d = 5*k - 296. What are the prime factors of d?
2, 3, 23
Suppose 3 = 4*u + 23, 4*l + 9 = -5*u. Suppose -4*z = l*q - 21 - 75, q = -5*z + 16. Suppose -q*k = -29*k + 366. List the prime factors of k.
2, 61
Suppose 158717 - 1105481 = -102*w. What are the prime factors of w?
2, 3, 7, 13, 17
Suppose -51694 = -5*s + r, 68*r - 65*r = 3*s - 31014. What are the prime factors of s?
7, 211
Let v be (4/6)/(5 + (-3876)/774). Suppose -742 + 126 = 4*q. Let c = v - q. List the prime factors of 